{"id":479,"date":"2025-11-09T21:46:21","date_gmt":"2025-11-09T20:46:21","guid":{"rendered":"https:\/\/wmc.paris\/?page_id=479"},"modified":"2026-04-13T22:34:00","modified_gmt":"2026-04-13T20:34:00","slug":"evenements","status":"publish","type":"page","link":"https:\/\/wmc.paris\/index.php\/evenements\/","title":{"rendered":"Nos Evenements"},"content":{"rendered":"<h1>\n<p>WMC Grande Evasion #03<\/p>\n<\/h1>\n<div>\n<p data-start=\"264\" data-end=\"330\"><a href=\"https:\/\/wmc.paris\/index.php\/2026\/02\/15\/wmc-grande-evasion\/\"><strong data-start=\"264\" data-end=\"330\">\u2014 PROGRAMME\u00a0 MAI\u00a0 2026<\/strong><\/a><\/p>\n<p>Un week-end pour sortir de la ville et d\u00e9couvrir <strong>l\u2019Auvergne<\/strong> : volcans, routes sinueuses, lacs naturels et panoramas \u00e0 perte de vue\u2026 une vraie <strong>micro-aventure en mono-roue \u00e9lectrique<\/strong>, sans logistique compliqu\u00e9e.<\/p>\n<p data-start=\"264\" data-end=\"330\">\n<\/div>\n<div>\n<h4><a href=\"https:\/\/wmc.paris\/index.php\/2026\/02\/15\/wmc-grande-evasion\/\"><strong>La suite<\/strong><\/a><\/h4>\n<\/div>\n<p><video src=\"\/wp-content\/uploads\/2026\/02\/grande_evasion.mp4\" poster=\"\"><\/video><\/p>\n<h1>Les Rides WMC<\/h1>\n<div>\n<p style=\"text-align: left;\">Les <strong data-start=\"4142\" data-end=\"4155\">Rides WMC<\/strong> sont des \u00e9v\u00e9nements th\u00e9matiques organis\u00e9s tout au long de l\u2019ann\u00e9e par l\u2019association WMC.<\/p>\n<p style=\"text-align: left;\">Ils rassemblent les passionn\u00e9s de Gyroroue\u00a0 autour de balades conviviales et festives dans diff\u00e9rentes r\u00e9gions.<\/p>\n<p style=\"text-align: left;\">Chaque ride est une occasion de partager un moment chaleureux et de d\u00e9couvrir de nouveaux paysages en groupe.<\/p>\n<p style=\"text-align: left;\">\n<p style=\"text-align: left;\">Sur cette page, vous trouverez nos rides class\u00e9s par saison\u202f:<\/p>\n<p style=\"text-align: left;\">\u2013 <strong data-start=\"4597\" data-end=\"4616\">Saison\u00a02\u00a02025\u00a0:<\/strong> PAPANOWHEEL, HALLOWHEEL, WORKWHEEL, Summers\u00a0WHEEL\u00a0S2, PACQUE\u00a0WHEEL\u00a0S2<span class=\"\" data-state=\"closed\"><\/span>.<\/p>\n<p style=\"text-align: left;\">\u2013 <strong data-start=\"4731\" data-end=\"4750\">Saison\u00a01\u00a02024\u00a0:<\/strong> PAPANOWHEEL, HALLOWHEEL, WORKWHEEL, Graffity\u00a0WMC, Summers\u00a0WHEEL\u00a0S1, PACQUE\u00a0WHEEL\u00a0S1<span class=\"\" data-state=\"closed\"><\/span>.<\/p>\n<p style=\"text-align: left;\">\n<p style=\"text-align: left;\">Cliquez sur chaque \u00e9v\u00e9nement pour acc\u00e9der aux informations d\u00e9taill\u00e9es, aux photos et vid\u00e9os . Que vous soyez d\u00e9butant ou exp\u00e9riment\u00e9, rejoignez\u2011nous pour partager l\u2019aventure et faire de belles rencontres !<\/p>\n<\/div>\n<hr>\n<h1>Saison 2 2025<\/h1>\n<ul>\n<li>\n<p><video src=\"\/wp-content\/uploads\/2025\/12\/tsewrm_wide_shot_of_multiple_people_in_christmas_costumes_rid_1d4823ed-fe7b-4b18-be11-37418dab76f7_1.mp4\"><\/video><\/p>\n<h3>PAPANOWHEEL<\/h3>\n<p><a href=\"\/index.php\/2026\/01\/06\/papa-nowheel-s2\/\">Clique<\/a><\/p>\n<\/li>\n<li>\n<p><video src=\"\/wp-content\/uploads\/2025\/11\/hallowheel.mp4\"><\/video><\/p>\n<h3>HALLOWHEEL<\/h3>\n<\/li>\n<li>\n<p><video src=\"\/wp-content\/uploads\/2025\/11\/workwheels-1.mp4\"><\/video><\/p>\n<h3>WORKWHEEL<\/h3>\n<p><a href=\"\/index.php\/2025\/11\/24\/work-wheel-s2\/\">Clique<\/a><\/p>\n<\/li>\n<li>\n<p><video src=\"\/wp-content\/uploads\/2025\/11\/summer_wheel.mp4\"><\/video><\/p>\n<h3>Summers WHEEL S2<\/h3>\n<p><a href=\"\/index.php\/2025\/11\/20\/summer-wheel-s1\/\">Clique<\/a><\/p>\n<\/li>\n<li>\n<p><video src=\"\/wp-content\/uploads\/2025\/11\/pacquewheels.mp4\"><\/video><\/p>\n<h3>PACQUE WHEEL S2<\/h3>\n<p><a href=\"\/index.php\/2025\/11\/24\/pacqueswheels2\/\">Clique<\/a><\/p>\n<\/li>\n<\/ul>\n<h1>Saison 1 2024<\/h1>\n<ul>\n<li>\n<p><video src=\"\/wp-content\/uploads\/2025\/11\/77-K-vues-104-reactions-WMC-PAPA-NOWHEEL-SAMEDI-21-Decembre-2024-1.mp4\"><\/video><\/p>\n<h3>PAPANOWHEEL<\/h3>\n<p><a href=\"\/index.php\/2025\/11\/20\/papa-nowheel-s1\/\">Clique<\/a><\/p>\n<\/li>\n<li>\n<p>        <img decoding=\"async\" src=\"\/wp-content\/uploads\/2025\/11\/480707355_945171501120048_6266245128011758684_n.jpg\" alt=\"\"><\/p>\n<h3>HALLOWHEEL<\/h3>\n<p><a href=\"\/index.php\/2025\/11\/20\/brouillon-auto-2\/\">Clique<\/a><\/p>\n<\/li>\n<li>\n<p>        <img decoding=\"async\" src=\"\/wp-content\/uploads\/2025\/11\/481681485_644728464816077_4732570844929822084_n.jpg\" alt=\"\"><\/p>\n<h3>WORKWHEEL<\/h3>\n<p><a href=\"\/index.php\/2025\/11\/20\/workwheel-s1\/\">Clique<\/a><\/p>\n<\/li>\n<li>\n<p>        <img decoding=\"async\" src=\"\/wp-content\/uploads\/2025\/11\/481075924_944089121228286_5684966759179116825_n.jpg\" alt=\"\"><\/p>\n<h3>Graffity WMC<\/h3>\n<p><a href=\"\/index.php\/2025\/11\/20\/wmc-gaffity-2024\/\">Clique<\/a><\/p>\n<\/li>\n<li>\n<p>        <img decoding=\"async\" src=\"\/wp-content\/uploads\/2025\/11\/annonce.jpg\" alt=\"\"><\/p>\n<h3>Summers WHEEL S1<\/h3>\n<p><a href=\"\/index.php\/2025\/11\/20\/summer-wheel-s1\/\">Clique<\/a><\/p>\n<\/li>\n<li>\n<p>        <img decoding=\"async\" src=\"\/wp-content\/uploads\/2025\/11\/annonce-pacque-wheel-visuel-stewer_west-texte-stewerwest.jpg\" alt=\"\"><\/p>\n<h3>PACQUE  WHEEL S1<\/h3>\n<p><a href=\"\/index.php\/2025\/11\/19\/pacque-wheel\/\">Clique<\/a><\/p>\n<\/li>\n<\/ul>\n<hr>\n<p><!--more--><br \/>\n<!-- {\"type\":\"layout\",\"children\":[{\"type\":\"section\",\"props\":{\"animation\":\"slide-top-medium\",\"animation_delay\":\"100\",\"image_position\":\"center-center\",\"style\":\"muted\",\"title_breakpoint\":\"xl\",\"title_position\":\"top-left\",\"title_rotation\":\"left\",\"vertical_align\":\"middle\",\"width\":\"default\"},\"children\":[{\"type\":\"row\",\"props\":{\"layout\":\"1-2,1-2\"},\"children\":[{\"type\":\"column\",\"props\":{\"image_position\":\"center-center\",\"position_sticky_breakpoint\":\"m\",\"width_medium\":\"1-2\"},\"children\":[{\"type\":\"headline\",\"props\":{\"content\":\"\n\n<p>WMC Grande Evasion #03<\/p>\n\n\",\"image_align\":\"left\",\"image_margin\":\"xsmall\",\"title_element\":\"h1\",\"title_style\":\"heading-small\"}},{\"type\":\"text\",\"props\":{\"column_breakpoint\":\"m\",\"content\":\"\n\n<p data-start=\\\"264\\\" data-end=\\\"330\\\"><a href=\\\"https:\/\/wmc.paris\/index.php\/2026\/02\/15\/wmc-grande-evasion\/\\\"><strong data-start=\\\"264\\\" data-end=\\\"330\\\">\u2014 PROGRAMME\u00a0 MAI\u00a0 2026<\/strong><\/a><\/p>\n\n\\n\n\n<p>Un week-end pour sortir de la ville et d\u00e9couvrir <strong>l\u2019Auvergne<\/strong> : volcans, routes sinueuses, lacs naturels et panoramas \u00e0 perte de vue\u2026 une vraie <strong>micro-aventure en mono-roue \u00e9lectrique<\/strong>, sans logistique compliqu\u00e9e.<\/p>\n\n\\n\n\n<p data-start=\\\"264\\\" data-end=\\\"330\\\">\n\n\",\"margin_bottom\":\"default\",\"margin_top\":\"default\"}},{\"type\":\"text\",\"props\":{\"column_breakpoint\":\"m\",\"content\":\"\n\n<h4><a href=\\\"https:\/\/wmc.paris\/index.php\/2026\/02\/15\/wmc-grande-evasion\/\\\"><strong>La suite<\/strong><\/a><\/h4>\n\n\",\"dropcap\":false,\"margin_bottom\":\"default\",\"margin_top\":\"default\",\"text_color\":\"secondary\",\"text_style\":\"meta\"}}]},{\"type\":\"column\",\"props\":{\"image_position\":\"center-center\",\"position_sticky_breakpoint\":\"m\",\"width_medium\":\"1-2\"},\"children\":[{\"type\":\"video\",\"props\":{\"margin_bottom\":\"default\",\"margin_top\":\"default\",\"video\":\"wp-content\/uploads\/2026\/02\/grande_evasion.mp4\",\"video_autoplay\":true,\"video_controls\":false,\"video_loading\":\"lazy\",\"video_loop\":true,\"video_muted\":true,\"video_playsinline\":true}}]}]}],\"name\":\"block grande\"},{\"type\":\"section\",\"props\":{\"image_position\":\"center-center\",\"style\":\"muted\",\"title_breakpoint\":\"xl\",\"title_position\":\"top-left\",\"title_rotation\":\"left\",\"vertical_align\":\"middle\",\"width\":\"default\"},\"children\":[{\"type\":\"row\",\"children\":[{\"type\":\"column\",\"props\":{\"image_position\":\"center-center\",\"position_sticky_breakpoint\":\"m\"},\"children\":[{\"type\":\"headline\",\"props\":{\"animation\":\"slide-top\",\"content\":\"Les Rides WMC\",\"image_align\":\"left\",\"image_margin\":\"xsmall\",\"title_decoration\":\"line\",\"title_element\":\"h1\",\"title_style\":\"heading-medium\"}},{\"type\":\"text\",\"props\":{\"column_breakpoint\":\"m\",\"content\":\"\n\n<p style=\\\"text-align: left;\\\">Les <strong data-start=\\\"4142\\\" data-end=\\\"4155\\\">Rides WMC<\/strong> sont des \u00e9v\u00e9nements th\u00e9matiques organis\u00e9s tout au long de l\u2019ann\u00e9e par l\u2019association WMC.<\/p>\n\n\\n\n\n<p style=\\\"text-align: left;\\\">Ils rassemblent les passionn\u00e9s de Gyroroue\u00a0 autour de balades conviviales et festives dans diff\u00e9rentes r\u00e9gions.<\/p>\n\n\\n\n\n<p style=\\\"text-align: left;\\\">Chaque ride est une occasion de partager un moment chaleureux et de d\u00e9couvrir de nouveaux paysages en groupe.<\/p>\n\n\\n\n\n<p style=\\\"text-align: left;\\\">\n\n\\n\n\n<p style=\\\"text-align: left;\\\">Sur cette page, vous trouverez nos rides class\u00e9s par saison\u202f:<\/p>\n\n\\n\n\n<p style=\\\"text-align: left;\\\">\u2013 <strong data-start=\\\"4597\\\" data-end=\\\"4616\\\">Saison\u00a02\u00a02025\u00a0:<\/strong> PAPANOWHEEL, HALLOWHEEL, WORKWHEEL, Summers\u00a0WHEEL\u00a0S2, PACQUE\u00a0WHEEL\u00a0S2<span class=\\\"\\\" data-state=\\\"closed\\\"><\/span>.<\/p>\n\n\\n\n\n<p style=\\\"text-align: left;\\\">\u2013 <strong data-start=\\\"4731\\\" data-end=\\\"4750\\\">Saison\u00a01\u00a02024\u00a0:<\/strong> PAPANOWHEEL, HALLOWHEEL, WORKWHEEL, Graffity\u00a0WMC, Summers\u00a0WHEEL\u00a0S1, PACQUE\u00a0WHEEL\u00a0S1<span class=\\\"\\\" data-state=\\\"closed\\\"><\/span>.<\/p>\n\n\\n\n\n<p style=\\\"text-align: left;\\\">\n\n\\n\n\n<p style=\\\"text-align: left;\\\">Cliquez sur chaque \u00e9v\u00e9nement pour acc\u00e9der aux informations d\u00e9taill\u00e9es, aux photos et vid\u00e9os . Que vous soyez d\u00e9butant ou exp\u00e9riment\u00e9, rejoignez\u2011nous pour partager l\u2019aventure et faire de belles rencontres !<\/p>\n\n\",\"margin_bottom\":\"default\",\"margin_top\":\"default\"}},{\"type\":\"divider\",\"props\":{\"divider_element\":\"hr\"}}]}]}]},{\"type\":\"section\",\"props\":{\"header_transparent\":false,\"image_position\":\"center-center\",\"padding_remove_horizontal\":false,\"style\":\"default\",\"title_breakpoint\":\"xl\",\"title_position\":\"top-left\",\"title_rotation\":\"left\",\"vertical_align\":\"middle\",\"width\":\"large\"},\"children\":[{\"type\":\"row\",\"children\":[{\"type\":\"column\",\"props\":{\"image_position\":\"center-center\",\"position_sticky_breakpoint\":\"m\"},\"children\":[{\"type\":\"headline\",\"props\":{\"animation\":\"slide-left\",\"content\":\"Saison 2 2025\",\"image_align\":\"left\",\"image_margin\":\"xsmall\",\"title_decoration\":\"bullet\",\"title_element\":\"h1\",\"title_style\":\"heading-medium\"}},{\"type\":\"gallery\",\"props\":{\"animation\":\"slide-top-small\",\"filter_align\":\"left\",\"filter_all\":true,\"filter_grid_breakpoint\":\"m\",\"filter_grid_width\":\"auto\",\"filter_position\":\"top\",\"filter_style\":\"tab\",\"grid_column_align\":true,\"grid_column_gap\":\"medium\",\"grid_default\":\"1\",\"grid_divider\":true,\"grid_masonry\":\"pack\",\"grid_medium\":\"3\",\"grid_parallax_justify\":false,\"grid_row_align\":true,\"grid_row_gap\":\"medium\",\"grid_small\":\"2\",\"image_border\":\"rounded\",\"image_box_shadow\":\"small\",\"image_hover_box_shadow\":\"small\",\"image_loading\":true,\"image_orientation\":true,\"item_animation\":true,\"lightbox\":false,\"lightbox_bg_close\":true,\"link_style\":\"default\",\"link_text\":\"Clique\",\"margin_bottom\":\"default\",\"margin_top\":\"default\",\"meta_align\":\"below-title\",\"meta_element\":\"div\",\"meta_style\":\"text-meta\",\"overlay_hover\":true,\"overlay_mode\":\"cover\",\"overlay_position\":\"center\",\"overlay_style\":\"overlay-primary\",\"overlay_transition\":\"slide-bottom\",\"show_content\":true,\"show_hover_image\":true,\"show_hover_video\":true,\"show_link\":true,\"show_meta\":true,\"show_title\":true,\"text_align\":\"center\",\"text_color\":\"light\",\"title_element\":\"h3\",\"title_hover_style\":\"reset\"},\"children\":[{\"type\":\"gallery_item\",\"props\":{\"link\":\"index.php\/2026\/01\/06\/papa-nowheel-s2\/\",\"title\":\"PAPANOWHEEL\",\"video\":\"wp-content\/uploads\/2025\/12\/tsewrm_wide_shot_of_multiple_people_in_christmas_costumes_rid_1d4823ed-fe7b-4b18-be11-37418dab76f7_1.mp4\"}},{\"type\":\"gallery_item\",\"props\":{\"title\":\"HALLOWHEEL\",\"video\":\"wp-content\/uploads\/2025\/11\/hallowheel.mp4\"}},{\"type\":\"gallery_item\",\"props\":{\"link\":\"index.php\/2025\/11\/24\/work-wheel-s2\/\",\"title\":\"WORKWHEEL\",\"video\":\"wp-content\/uploads\/2025\/11\/workwheels-1.mp4\"}},{\"type\":\"gallery_item\",\"props\":{\"link\":\"index.php\/2025\/11\/20\/summer-wheel-s1\/\",\"title\":\"Summers WHEEL S2\",\"video\":\"wp-content\/uploads\/2025\/11\/summer_wheel.mp4\"}},{\"type\":\"gallery_item\",\"props\":{\"link\":\"index.php\/2025\/11\/24\/pacqueswheels2\/\",\"title\":\"PACQUE WHEEL S2\",\"video\":\"wp-content\/uploads\/2025\/11\/pacquewheels.mp4\"}}]},{\"type\":\"headline\",\"props\":{\"content\":\"Saison 1 2024\",\"image_align\":\"left\",\"image_margin\":\"xsmall\",\"title_decoration\":\"bullet\",\"title_element\":\"h1\",\"title_style\":\"heading-medium\"}},{\"type\":\"gallery\",\"props\":{\"filter\":true,\"filter_align\":\"left\",\"filter_all\":true,\"filter_grid_breakpoint\":\"m\",\"filter_grid_width\":\"auto\",\"filter_position\":\"top\",\"filter_style\":\"subnav-pill\",\"grid_column_align\":true,\"grid_column_gap\":\"medium\",\"grid_default\":\"1\",\"grid_divider\":true,\"grid_medium\":\"3\",\"grid_parallax_justify\":false,\"grid_row_align\":true,\"grid_row_gap\":\"medium\",\"grid_small\":\"2\",\"item_animation\":true,\"lightbox_bg_close\":true,\"link_style\":\"default\",\"link_text\":\"Clique\",\"margin_bottom\":\"default\",\"margin_top\":\"default\",\"meta_align\":\"below-title\",\"meta_element\":\"div\",\"meta_style\":\"text-meta\",\"overlay_hover\":true,\"overlay_link\":true,\"overlay_mode\":\"cover\",\"overlay_padding\":\"large\",\"overlay_position\":\"top-center\",\"overlay_style\":\"overlay-primary\",\"overlay_transition\":\"slide-bottom\",\"show_content\":true,\"show_hover_image\":true,\"show_hover_video\":true,\"show_link\":true,\"show_meta\":true,\"show_title\":true,\"text_align\":\"center\",\"text_color\":\"light\",\"title_element\":\"h3\",\"title_hover_style\":\"reset\",\"title_transition\":\"fade\"},\"children\":[{\"type\":\"gallery_item\",\"props\":{\"link\":\"index.php\/2025\/11\/20\/papa-nowheel-s1\/\",\"title\":\"PAPANOWHEEL\",\"video\":\"wp-content\/uploads\/2025\/11\/77-K-vues-104-reactions-WMC-PAPA-NOWHEEL-SAMEDI-21-Decembre-2024-1.mp4\"}},{\"type\":\"gallery_item\",\"props\":{\"image\":\"wp-content\/uploads\/2025\/11\/480707355_945171501120048_6266245128011758684_n.jpg\",\"link\":\"index.php\/2025\/11\/20\/brouillon-auto-2\/\",\"title\":\"HALLOWHEEL\",\"video\":\"\"}},{\"type\":\"gallery_item\",\"props\":{\"image\":\"wp-content\/uploads\/2025\/11\/481681485_644728464816077_4732570844929822084_n.jpg\",\"link\":\"index.php\/2025\/11\/20\/workwheel-s1\/\",\"title\":\"WORKWHEEL\",\"video\":\"\"}},{\"type\":\"gallery_item\",\"props\":{\"image\":\"wp-content\/uploads\/2025\/11\/481075924_944089121228286_5684966759179116825_n.jpg\",\"link\":\"index.php\/2025\/11\/20\/wmc-gaffity-2024\/\",\"title\":\"Graffity WMC\",\"video\":\"\"}},{\"type\":\"gallery_item\",\"props\":{\"image\":\"wp-content\/uploads\/2025\/11\/annonce.jpg\",\"link\":\"index.php\/2025\/11\/20\/summer-wheel-s1\/\",\"title\":\"Summers WHEEL S1\",\"video\":\"\"}},{\"type\":\"gallery_item\",\"props\":{\"image\":\"wp-content\/uploads\/2025\/11\/annonce-pacque-wheel-visuel-stewer_west-texte-stewerwest.jpg\",\"link\":\"index.php\/2025\/11\/19\/pacque-wheel\/\",\"title\":\"PACQUE  WHEEL S1\",\"video\":\"\"}}]}]}]}]},{\"type\":\"section\",\"props\":{\"image_position\":\"center-center\",\"style\":\"default\",\"title_breakpoint\":\"xl\",\"title_position\":\"top-left\",\"title_rotation\":\"left\",\"vertical_align\":\"middle\",\"width\":\"default\"},\"children\":[{\"type\":\"row\",\"children\":[{\"type\":\"column\",\"props\":{\"image_position\":\"center-center\",\"position_sticky_breakpoint\":\"m\"},\"children\":[{\"type\":\"breadcrumbs\",\"props\":{\"show_current\":true,\"show_home\":true,\"text_align\":\"left\"}},{\"type\":\"pagination\",\"props\":{\"pagination_space_between\":false,\"pagination_type\":\"previous\/next\",\"text_align\":\"center\"}},{\"type\":\"divider\",\"props\":{\"divider_element\":\"hr\"}}]}]}]}],\"version\":\"5.0.12\"} --><\/p>\n","protected":false},"excerpt":{"rendered":"<p>WMC Grande Evasion #03 \u2014 PROGRAMME\u00a0 MAI\u00a0 2026 Un week-end pour sortir de la ville et d\u00e9couvrir l\u2019Auvergne : volcans, routes sinueuses, lacs naturels et panoramas \u00e0 perte de vue\u2026 une vraie micro-aventure en mono-roue \u00e9lectrique, sans logistique compliqu\u00e9e. La suite Les Rides WMC Les Rides WMC sont des \u00e9v\u00e9nements th\u00e9matiques organis\u00e9s tout au long [&hellip;]<\/p>\n","protected":false},"author":1,"featured_media":0,"parent":0,"menu_order":0,"comment_status":"closed","ping_status":"closed","template":"","meta":{"footnotes":""},"class_list":["post-479","page","type-page","status-publish","hentry"],"_links":{"self":[{"href":"https:\/\/wmc.paris\/index.php\/wp-json\/wp\/v2\/pages\/479","targetHints":{"allow":["GET"]}}],"collection":[{"href":"https:\/\/wmc.paris\/index.php\/wp-json\/wp\/v2\/pages"}],"about":[{"href":"https:\/\/wmc.paris\/index.php\/wp-json\/wp\/v2\/types\/page"}],"author":[{"embeddable":true,"href":"https:\/\/wmc.paris\/index.php\/wp-json\/wp\/v2\/users\/1"}],"replies":[{"embeddable":true,"href":"https:\/\/wmc.paris\/index.php\/wp-json\/wp\/v2\/comments?post=479"}],"version-history":[{"count":71,"href":"https:\/\/wmc.paris\/index.php\/wp-json\/wp\/v2\/pages\/479\/revisions"}],"predecessor-version":[{"id":1136,"href":"https:\/\/wmc.paris\/index.php\/wp-json\/wp\/v2\/pages\/479\/revisions\/1136"}],"wp:attachment":[{"href":"https:\/\/wmc.paris\/index.php\/wp-json\/wp\/v2\/media?parent=479"}],"curies":[{"name":"wp","href":"https:\/\/api.w.org\/{rel}","templated":true}]}}