{"id":26,"date":"2024-09-25T13:58:54","date_gmt":"2024-09-25T11:58:54","guid":{"rendered":"https:\/\/wmc.paris\/?page_id=26"},"modified":"2025-12-24T12:22:41","modified_gmt":"2025-12-24T11:22:41","slug":"mention-legales","status":"publish","type":"page","link":"https:\/\/wmc.paris\/index.php\/mention-legales\/","title":{"rendered":"Mention L\u00e9gales"},"content":{"rendered":"<h1>Mention L\u00e9gales<\/h1>\n<div>\n<h3>1. <strong>\u00c9diteur du site<\/strong><\/h3>\n<p>Le pr\u00e9sent site <strong>WMC.Paris<\/strong> est \u00e9dit\u00e9 par l\u2019association <strong>WMC Wheelers Master Crew<\/strong>, association loi 1901,<\/p>\n<p><strong>Nom de l\u2019association<\/strong> : WMC Wheelers Master Crew<\/p>\n<p>SIREN : 940306921<\/p>\n<p><strong>Si\u00e8ge social<\/strong> : 4 rue Socrate 93170 Bagnolet<\/p>\n<p><strong>Contact<\/strong> : <a href=\"mailto:contact@wmc.paris\">contact@wmc.paris<\/a><\/p>\n<p><strong>Pr\u00e9sident<\/strong> : <strong>Youn\u00e8s DAKICHE\u00a0<\/strong><\/p>\n<p><strong>Vice Pr\u00e9sident\u00a0 : Steeve HUILLERY<\/strong><\/p>\n<p><strong>Tr\u00e9sorier : Fr\u00e9d\u00e9ric DIEUX\u00a0<\/strong><\/p>\n<h3>2. <strong>H\u00e9bergement<\/strong><\/h3>\n<p>L\u2019h\u00e9bergement du site <strong>WMC.Paris<\/strong> est assur\u00e9 par :<\/p>\n<p><strong>Nom de l\u2019h\u00e9bergeur<\/strong> : <span>OVHcloud<\/span><\/p>\n<p><strong>Adresse de l\u2019h\u00e9bergeur<\/strong> :<b>2, rue Kellermann, 59100 Roubaix<\/b><span>.<\/span><\/p>\n<\/p>\n<h3>3. <strong>Propri\u00e9t\u00e9 intellectuelle<\/strong><\/h3>\n<p>L\u2019ensemble des contenus pr\u00e9sents sur le site <strong>WMC.Paris<\/strong> (textes, images, logos, vid\u00e9os, etc.) est la propri\u00e9t\u00e9 exclusive de l\u2019association <strong>WMC<\/strong> ou de ses partenaires. Toute reproduction, distribution, modification ou r\u00e9utilisation de ces contenus est interdite sans l\u2019autorisation pr\u00e9alable de l\u2019association.<\/p>\n<h3>4. <strong>Donn\u00e9es personnelles<\/strong><\/h3>\n<p>Les informations collect\u00e9es via le site <strong>WMC.Paris<\/strong> sont trait\u00e9es conform\u00e9ment \u00e0 la r\u00e9glementation en vigueur, notamment le <strong>R\u00e8glement G\u00e9n\u00e9ral sur la Protection des Donn\u00e9es (RGPD)<\/strong>.<\/p>\n<p><strong>Responsable du traitement<\/strong> : Youn\u00e8s DAKICHE , Pr\u00e9sident de l&rsquo;association WMC<\/p>\n<p><strong>Finalit\u00e9 du traitement<\/strong> : Les donn\u00e9es collect\u00e9es sont utilis\u00e9es pour la gestion des adh\u00e9sions, l\u2019envoi d\u2019informations.<\/p>\n<p><strong>Droit d\u2019acc\u00e8s et de rectification<\/strong> : Conform\u00e9ment \u00e0 la loi \u00ab Informatique et Libert\u00e9s \u00bb du 6 janvier 1978, modifi\u00e9e, et au RGPD, vous disposez d\u2019un droit d\u2019acc\u00e8s, de rectification, de suppression, et de portabilit\u00e9 de vos donn\u00e9es. Vous pouvez exercer ces droits en contactant : <a href=\"mailto:contact@wmc.paris\">contact@wmc.paris<\/a>.<\/p>\n<h3>5. <strong>Cookies<\/strong><\/h3>\n<p>Le site <strong>WMC.Paris<\/strong> utilise des cookies afin de mesurer l&rsquo;audience, proposer des contenus adapt\u00e9s . En poursuivant votre navigation, vous acceptez l\u2019utilisation des cookies.<\/p>\n<p>Vous pouvez param\u00e9trer vos pr\u00e9f\u00e9rences en mati\u00e8re de cookies via un bandeau de cookies.<\/p>\n<h3>6. <strong>Limitation de responsabilit\u00e9<\/strong><\/h3>\n<p>L\u2019association <strong>WMC<\/strong> s\u2019efforce d\u2019assurer l\u2019exactitude et la mise \u00e0 jour des informations diffus\u00e9es sur le site <strong>WMC.Paris<\/strong>, mais ne peut \u00eatre tenue responsable des erreurs ou omissions, ainsi que des \u00e9ventuelles interruptions ou indisponibilit\u00e9s du service.<\/p>\n<h3>7. <strong>Liens hypertextes<\/strong><\/h3>\n<p>Le site <strong>WMC.Paris<\/strong> peut contenir des liens vers des sites externes. L\u2019association <strong>WMC<\/strong> ne peut \u00eatre tenue responsable du contenu de ces sites et n\u2019est pas responsable des pratiques de confidentialit\u00e9 de ces derniers.<\/p>\n<h3>8. <strong>Droit applicable<\/strong><\/h3>\n<p>Les pr\u00e9sentes mentions l\u00e9gales sont soumises au droit fran\u00e7ais. En cas de litige, et apr\u00e8s une tentative de recherche de solution amiable, les tribunaux fran\u00e7ais seront seuls comp\u00e9tents pour trancher le diff\u00e9rend.<\/p>\n<h3>9. <strong>Modification des mentions l\u00e9gales<\/strong><\/h3>\n<p>L\u2019association <strong>WMC<\/strong> se r\u00e9serve le droit de modifier ces mentions l\u00e9gales \u00e0 tout moment. Les utilisateurs sont donc invit\u00e9s \u00e0 les consulter r\u00e9guli\u00e8rement.<\/p>\n<\/div>\n<p>\n    <a href=\"\/index.php\">Accueil<\/a>\n<\/p>\n<p><!--more--><br \/>\n<!-- {\"type\":\"layout\",\"children\":[{\"type\":\"section\",\"props\":{\"animation\":\"slide-bottom\",\"animation_delay\":\"700\",\"image_position\":\"center-center\",\"style\":\"default\",\"title_breakpoint\":\"xl\",\"title_position\":\"top-left\",\"title_rotation\":\"left\",\"vertical_align\":\"\",\"width\":\"default\"},\"children\":[{\"type\":\"row\",\"children\":[{\"type\":\"column\",\"props\":{\"image_position\":\"center-center\",\"position_sticky_breakpoint\":\"m\"},\"children\":[{\"type\":\"headline\",\"props\":{\"content\":\"Mention L\\u00e9gales\",\"text_align\":\"center\",\"title_decoration\":\"divider\",\"title_element\":\"h1\",\"title_font_family\":\"primary\"}}]}]},{\"type\":\"row\",\"children\":[{\"type\":\"column\",\"props\":{\"image_position\":\"center-center\",\"position_sticky_breakpoint\":\"m\"},\"children\":[{\"type\":\"text\",\"props\":{\"column_breakpoint\":\"m\",\"content\":\"\n\n<h3>1. <strong>\\u00c9diteur du site<\\\/strong><\\\/h3>\\n\n\n<p>Le pr\\u00e9sent site <strong>WMC.Paris<\\\/strong> est \\u00e9dit\\u00e9 par l\\u2019association <strong>WMC Wheelers Master Crew<\\\/strong>, association loi 1901,<\\\/p>\\n\n\n<p><strong>Nom de l\\u2019association<\\\/strong> : WMC Wheelers Master Crew<\\\/p>\\n\n\n<p>SIREN : 940306921<\\\/p>\\n\n\n<p><strong>Si\\u00e8ge social<\\\/strong> : 4 rue Socrate 93170 Bagnolet<\\\/p>\\n\n\n<p><strong>Contact<\\\/strong> : <a href=\\\"mailto:contact@wmc.paris\\\">contact@wmc.paris<\\\/a><\\\/p>\\n\n\n<p><strong>Pr\\u00e9sident<\\\/strong> : <strong>Youn\\u00e8s DAKICHE\\u00a0<\\\/strong><\\\/p>\\n\n\n<p><strong>Vice Pr\\u00e9sident\\u00a0 : Steeve HUILLERY<\\\/strong><\\\/p>\\n\n\n<p><strong>Tr\\u00e9sorier : Fr\\u00e9d\\u00e9ric DIEUX\\u00a0<\\\/strong><\\\/p>\\n\n\n<h3>2. <strong>H\\u00e9bergement<\\\/strong><\\\/h3>\\n\n\n<p>L\\u2019h\\u00e9bergement du site <strong>WMC.Paris<\\\/strong> est assur\\u00e9 par :<\\\/p>\\n\n\n<p><strong>Nom de l\\u2019h\\u00e9bergeur<\\\/strong> : <span>OVHcloud<\\\/span><\\\/p>\\n\n\n<p><strong>Adresse de l\\u2019h\\u00e9bergeur<\\\/strong> :<b>2, rue Kellermann, 59100 Roubaix<\\\/b><span>.<\\\/span><\\\/p>\\n\n\n<p><\\\/p>\\n\n\n<h3>3. <strong>Propri\\u00e9t\\u00e9 intellectuelle<\\\/strong><\\\/h3>\\n\n\n<p>L\\u2019ensemble des contenus pr\\u00e9sents sur le site <strong>WMC.Paris<\\\/strong> (textes, images, logos, vid\\u00e9os, etc.) est la propri\\u00e9t\\u00e9 exclusive de l\\u2019association <strong>WMC<\\\/strong> ou de ses partenaires. Toute reproduction, distribution, modification ou r\\u00e9utilisation de ces contenus est interdite sans l\\u2019autorisation pr\\u00e9alable de l\\u2019association.<\\\/p>\\n\n\n<h3>4. <strong>Donn\\u00e9es personnelles<\\\/strong><\\\/h3>\\n\n\n<p>Les informations collect\\u00e9es via le site <strong>WMC.Paris<\\\/strong> sont trait\\u00e9es conform\\u00e9ment \\u00e0 la r\\u00e9glementation en vigueur, notamment le <strong>R\\u00e8glement G\\u00e9n\\u00e9ral sur la Protection des Donn\\u00e9es (RGPD)<\\\/strong>.<\\\/p>\\n\n\n<p><strong>Responsable du traitement<\\\/strong> : Youn\\u00e8s DAKICHE , Pr\\u00e9sident de l'association WMC<\\\/p>\\n\n\n<p><strong>Finalit\\u00e9 du traitement<\\\/strong> : Les donn\\u00e9es collect\\u00e9es sont utilis\\u00e9es pour la gestion des adh\\u00e9sions, l\\u2019envoi d\\u2019informations.<\\\/p>\\n\n\n<p><strong>Droit d\\u2019acc\\u00e8s et de rectification<\\\/strong> : Conform\\u00e9ment \\u00e0 la loi \\u00ab Informatique et Libert\\u00e9s \\u00bb du 6 janvier 1978, modifi\\u00e9e, et au RGPD, vous disposez d\\u2019un droit d\\u2019acc\\u00e8s, de rectification, de suppression, et de portabilit\\u00e9 de vos donn\\u00e9es. Vous pouvez exercer ces droits en contactant : <a href=\\\"mailto:contact@wmc.paris\\\">contact@wmc.paris<\\\/a>.<\\\/p>\\n\n\n<h3>5. <strong>Cookies<\\\/strong><\\\/h3>\\n\n\n<p>Le site <strong>WMC.Paris<\\\/strong> utilise des cookies afin de mesurer l'audience, proposer des contenus adapt\\u00e9s . En poursuivant votre navigation, vous acceptez l\\u2019utilisation des cookies.<\\\/p>\\n\n\n<p>Vous pouvez param\\u00e9trer vos pr\\u00e9f\\u00e9rences en mati\\u00e8re de cookies via un bandeau de cookies.<\\\/p>\\n\n\n<h3>6. <strong>Limitation de responsabilit\\u00e9<\\\/strong><\\\/h3>\\n\n\n<p>L\\u2019association <strong>WMC<\\\/strong> s\\u2019efforce d\\u2019assurer l\\u2019exactitude et la mise \\u00e0 jour des informations diffus\\u00e9es sur le site <strong>WMC.Paris<\\\/strong>, mais ne peut \\u00eatre tenue responsable des erreurs ou omissions, ainsi que des \\u00e9ventuelles interruptions ou indisponibilit\\u00e9s du service.<\\\/p>\\n\n\n<h3>7. <strong>Liens hypertextes<\\\/strong><\\\/h3>\\n\n\n<p>Le site <strong>WMC.Paris<\\\/strong> peut contenir des liens vers des sites externes. L\\u2019association <strong>WMC<\\\/strong> ne peut \\u00eatre tenue responsable du contenu de ces sites et n\\u2019est pas responsable des pratiques de confidentialit\\u00e9 de ces derniers.<\\\/p>\\n\n\n<h3>8. <strong>Droit applicable<\\\/strong><\\\/h3>\\n\n\n<p>Les pr\\u00e9sentes mentions l\\u00e9gales sont soumises au droit fran\\u00e7ais. En cas de litige, et apr\\u00e8s une tentative de recherche de solution amiable, les tribunaux fran\\u00e7ais seront seuls comp\\u00e9tents pour trancher le diff\\u00e9rend.<\\\/p>\\n\n\n<h3>9. <strong>Modification des mentions l\\u00e9gales<\\\/strong><\\\/h3>\\n\n\n<p>L\\u2019association <strong>WMC<\\\/strong> se r\\u00e9serve le droit de modifier ces mentions l\\u00e9gales \\u00e0 tout moment. Les utilisateurs sont donc invit\\u00e9s \\u00e0 les consulter r\\u00e9guli\\u00e8rement.<\\\/p>\",\"margin\":\"default\",\"text_align\":\"center\"}}]}]},{\"type\":\"row\",\"children\":[{\"type\":\"column\",\"props\":{\"image_position\":\"center-center\",\"position_sticky_breakpoint\":\"m\"},\"children\":[{\"type\":\"button\",\"props\":{\"button_size\":\"large\",\"grid_column_gap\":\"small\",\"grid_row_gap\":\"small\",\"margin\":\"default\",\"text_align\":\"center\"},\"children\":[{\"type\":\"button_item\",\"props\":{\"button_style\":\"primary\",\"content\":\"Accueil\",\"icon_align\":\"left\",\"link\":\"\\\/index.php\"}}],\"name\":\"lol\"}]}]}]}],\"version\":\"4.4.16\"} --><\/p>\n","protected":false},"excerpt":{"rendered":"<p>Mention L\u00e9gales 1. \u00c9diteur du site Le pr\u00e9sent site WMC.Paris est \u00e9dit\u00e9 par l\u2019association WMC Wheelers Master Crew, association loi 1901, Nom de l\u2019association : WMC Wheelers Master Crew SIREN : 940306921 Si\u00e8ge social : 4 rue Socrate 93170 Bagnolet Contact : contact@wmc.paris Pr\u00e9sident : Youn\u00e8s DAKICHE\u00a0 Vice Pr\u00e9sident\u00a0 : Steeve HUILLERY Tr\u00e9sorier : Fr\u00e9d\u00e9ric [&hellip;]<\/p>\n","protected":false},"author":1,"featured_media":0,"parent":0,"menu_order":0,"comment_status":"closed","ping_status":"closed","template":"","meta":{"footnotes":""},"class_list":["post-26","page","type-page","status-publish","hentry"],"_links":{"self":[{"href":"https:\/\/wmc.paris\/index.php\/wp-json\/wp\/v2\/pages\/26","targetHints":{"allow":["GET"]}}],"collection":[{"href":"https:\/\/wmc.paris\/index.php\/wp-json\/wp\/v2\/pages"}],"about":[{"href":"https:\/\/wmc.paris\/index.php\/wp-json\/wp\/v2\/types\/page"}],"author":[{"embeddable":true,"href":"https:\/\/wmc.paris\/index.php\/wp-json\/wp\/v2\/users\/1"}],"replies":[{"embeddable":true,"href":"https:\/\/wmc.paris\/index.php\/wp-json\/wp\/v2\/comments?post=26"}],"version-history":[{"count":13,"href":"https:\/\/wmc.paris\/index.php\/wp-json\/wp\/v2\/pages\/26\/revisions"}],"predecessor-version":[{"id":787,"href":"https:\/\/wmc.paris\/index.php\/wp-json\/wp\/v2\/pages\/26\/revisions\/787"}],"wp:attachment":[{"href":"https:\/\/wmc.paris\/index.php\/wp-json\/wp\/v2\/media?parent=26"}],"curies":[{"name":"wp","href":"https:\/\/api.w.org\/{rel}","templated":true}]}}